{"id":1781,"date":"2024-11-26T11:48:44","date_gmt":"2024-11-26T10:48:44","guid":{"rendered":"https:\/\/xn--schav-8ra.com\/?post_type=product&#038;p=1781"},"modified":"2024-11-28T09:46:11","modified_gmt":"2024-11-28T08:46:11","slug":"beurre-de-karite-150g","status":"publish","type":"product","link":"https:\/\/xn--schav-8ra.com\/index.php\/produit\/beurre-de-karite-150g\/","title":{"rendered":"Beurre de Karit\u00e9 150g"},"content":{"rendered":"<p><img fetchpriority=\"high\" decoding=\"async\" class=\"alignnone size-medium wp-image-1763\" src=\"https:\/\/xn--schav-8ra.com\/wp-content\/uploads\/2024\/10\/Beurre-de-karite-212x300.jpg\" alt=\"\" width=\"212\" height=\"300\" srcset=\"https:\/\/xn--schav-8ra.com\/wp-content\/uploads\/2024\/10\/Beurre-de-karite-212x300.jpg 212w, https:\/\/xn--schav-8ra.com\/wp-content\/uploads\/2024\/10\/Beurre-de-karite-600x849.jpg 600w, https:\/\/xn--schav-8ra.com\/wp-content\/uploads\/2024\/10\/Beurre-de-karite.jpg 724w\" sizes=\"(max-width: 212px) 100vw, 212px\" \/> <img decoding=\"async\" class=\"alignnone size-medium wp-image-1786\" src=\"https:\/\/xn--schav-8ra.com\/wp-content\/uploads\/2024\/11\/3-1-300x300.png\" alt=\"\" width=\"300\" height=\"300\" srcset=\"https:\/\/xn--schav-8ra.com\/wp-content\/uploads\/2024\/11\/3-1-300x300.png 300w, https:\/\/xn--schav-8ra.com\/wp-content\/uploads\/2024\/11\/3-1-1024x1024.png 1024w, https:\/\/xn--schav-8ra.com\/wp-content\/uploads\/2024\/11\/3-1-150x150.png 150w, https:\/\/xn--schav-8ra.com\/wp-content\/uploads\/2024\/11\/3-1-768x768.png 768w, https:\/\/xn--schav-8ra.com\/wp-content\/uploads\/2024\/11\/3-1-600x600.png 600w, https:\/\/xn--schav-8ra.com\/wp-content\/uploads\/2024\/11\/3-1-100x100.png 100w, https:\/\/xn--schav-8ra.com\/wp-content\/uploads\/2024\/11\/3-1.png 1080w\" sizes=\"(max-width: 300px) 100vw, 300px\" \/><\/p>\n","protected":false},"excerpt":{"rendered":"<p>Voici 5 avantages du beurre de karit\u00e9 :<\/p>\n<ol>\n<li><strong>Hydratation intense<\/strong> : Il nourrit en profondeur la peau et les cheveux gr\u00e2ce \u00e0 ses acides gras et vitamines.<\/li>\n<li><strong>Propri\u00e9t\u00e9s apaisantes<\/strong> : Il soulage les irritations, les rougeurs et les inflammations cutan\u00e9es.<\/li>\n<li><strong>R\u00e9paration et cicatrisation<\/strong> : Favorise la r\u00e9g\u00e9n\u00e9ration des cellules et aide \u00e0 r\u00e9parer les peaux ab\u00eem\u00e9es ou gerc\u00e9es.<\/li>\n<li><strong>Protection naturelle<\/strong> : Forme une barri\u00e8re contre les agressions ext\u00e9rieures, comme le froid, le vent et les UV.<\/li>\n<li><strong>Polyvalence<\/strong> : Convient \u00e0 tous les types de peau et peut \u00eatre utilis\u00e9 pour le visage, le corps, les cheveux, et m\u00eame comme baume \u00e0 l\u00e8vres ou soin des ongles.<\/li>\n<\/ol>\n","protected":false},"featured_media":1786,"comment_status":"open","ping_status":"closed","template":"","meta":{"_kadence_starter_templates_imported_post":false,"_kad_post_transparent":"default","_kad_post_title":"","_kad_post_layout":"default","_kad_post_sidebar_id":"","_kad_post_content_style":"default","_kad_post_vertical_padding":"default","_kad_post_feature":"","_kad_post_feature_position":"","_kad_post_header":false,"_kad_post_footer":false},"product_brand":[],"product_cat":[56],"product_tag":[],"class_list":{"0":"post-1781","1":"product","2":"type-product","3":"status-publish","4":"has-post-thumbnail","6":"product_cat-cosmetiques","8":"first","9":"instock","10":"shipping-taxable","11":"purchasable","12":"product-type-simple","13":"entry","14":"content-bg","15":"loop-entry"},"yoast_head":"<!-- This site is optimized with the Yoast SEO plugin v26.3 - https:\/\/yoast.com\/wordpress\/plugins\/seo\/ -->\n<title>Beurre de Karit\u00e9 150g - SCHAV\u00c8<\/title>\n<meta name=\"description\" content=\"Le beurre de karit\u00e9 hydrate, prot\u00e8ge, apaise, r\u00e9pare et r\u00e9g\u00e9n\u00e8re la peau et les cheveux gr\u00e2ce \u00e0 sa richesse en vitamines et en acides gras essentiels.\" \/>\n<meta name=\"robots\" content=\"index, follow, max-snippet:-1, max-image-preview:large, max-video-preview:-1\" \/>\n<link rel=\"canonical\" href=\"https:\/\/xn--schav-8ra.com\/index.php\/produit\/beurre-de-karite-150g\/\" \/>\n<meta property=\"og:locale\" content=\"fr_FR\" \/>\n<meta property=\"og:type\" content=\"article\" \/>\n<meta property=\"og:title\" content=\"Beurre de Karit\u00e9 150g - SCHAV\u00c8\" \/>\n<meta property=\"og:description\" content=\"Le beurre de karit\u00e9 hydrate, prot\u00e8ge, apaise, r\u00e9pare et r\u00e9g\u00e9n\u00e8re la peau et les cheveux gr\u00e2ce \u00e0 sa richesse en vitamines et en acides gras essentiels.\" \/>\n<meta property=\"og:url\" content=\"https:\/\/xn--schav-8ra.com\/index.php\/produit\/beurre-de-karite-150g\/\" \/>\n<meta property=\"og:site_name\" content=\"SCHAV\u00c8\" \/>\n<meta property=\"article:modified_time\" content=\"2024-11-28T08:46:11+00:00\" \/>\n<meta property=\"og:image\" content=\"https:\/\/xn--schav-8ra.com\/wp-content\/uploads\/2024\/11\/3-1.png\" \/>\n\t<meta property=\"og:image:width\" content=\"1080\" \/>\n\t<meta property=\"og:image:height\" content=\"1080\" \/>\n\t<meta property=\"og:image:type\" content=\"image\/png\" \/>\n<meta name=\"twitter:card\" content=\"summary_large_image\" \/>\n<meta name=\"twitter:label1\" content=\"Dur\u00e9e de lecture estim\u00e9e\" \/>\n\t<meta name=\"twitter:data1\" content=\"1 minute\" \/>\n<script type=\"application\/ld+json\" class=\"yoast-schema-graph\">{\"@context\":\"https:\/\/schema.org\",\"@graph\":[{\"@type\":\"WebPage\",\"@id\":\"https:\/\/xn--schav-8ra.com\/index.php\/produit\/beurre-de-karite-150g\/\",\"url\":\"https:\/\/xn--schav-8ra.com\/index.php\/produit\/beurre-de-karite-150g\/\",\"name\":\"Beurre de Karit\u00e9 150g - SCHAV\u00c8\",\"isPartOf\":{\"@id\":\"https:\/\/xn--schav-8ra.com\/#website\"},\"primaryImageOfPage\":{\"@id\":\"https:\/\/xn--schav-8ra.com\/index.php\/produit\/beurre-de-karite-150g\/#primaryimage\"},\"image\":{\"@id\":\"https:\/\/xn--schav-8ra.com\/index.php\/produit\/beurre-de-karite-150g\/#primaryimage\"},\"thumbnailUrl\":\"https:\/\/xn--schav-8ra.com\/wp-content\/uploads\/2024\/11\/3-1.png\",\"datePublished\":\"2024-11-26T10:48:44+00:00\",\"dateModified\":\"2024-11-28T08:46:11+00:00\",\"description\":\"Le beurre de karit\u00e9 hydrate, prot\u00e8ge, apaise, r\u00e9pare et r\u00e9g\u00e9n\u00e8re la peau et les cheveux gr\u00e2ce \u00e0 sa richesse en vitamines et en acides gras essentiels.\",\"breadcrumb\":{\"@id\":\"https:\/\/xn--schav-8ra.com\/index.php\/produit\/beurre-de-karite-150g\/#breadcrumb\"},\"inLanguage\":\"fr-FR\",\"potentialAction\":[{\"@type\":\"ReadAction\",\"target\":[\"https:\/\/xn--schav-8ra.com\/index.php\/produit\/beurre-de-karite-150g\/\"]}]},{\"@type\":\"ImageObject\",\"inLanguage\":\"fr-FR\",\"@id\":\"https:\/\/xn--schav-8ra.com\/index.php\/produit\/beurre-de-karite-150g\/#primaryimage\",\"url\":\"https:\/\/xn--schav-8ra.com\/wp-content\/uploads\/2024\/11\/3-1.png\",\"contentUrl\":\"https:\/\/xn--schav-8ra.com\/wp-content\/uploads\/2024\/11\/3-1.png\",\"width\":1080,\"height\":1080},{\"@type\":\"BreadcrumbList\",\"@id\":\"https:\/\/xn--schav-8ra.com\/index.php\/produit\/beurre-de-karite-150g\/#breadcrumb\",\"itemListElement\":[{\"@type\":\"ListItem\",\"position\":1,\"name\":\"Accueil\",\"item\":\"https:\/\/xn--schav-8ra.com\/\"},{\"@type\":\"ListItem\",\"position\":2,\"name\":\"Boutique\",\"item\":\"https:\/\/xn--schav-8ra.com\/index.php\/boutique\/\"},{\"@type\":\"ListItem\",\"position\":3,\"name\":\"Beurre de Karit\u00e9 150g\"}]},{\"@type\":\"WebSite\",\"@id\":\"https:\/\/xn--schav-8ra.com\/#website\",\"url\":\"https:\/\/xn--schav-8ra.com\/\",\"name\":\"SCHAV\u00c8\",\"description\":\"La Vall\u00e9e des Rois et des Reines\",\"publisher\":{\"@id\":\"https:\/\/xn--schav-8ra.com\/#organization\"},\"potentialAction\":[{\"@type\":\"SearchAction\",\"target\":{\"@type\":\"EntryPoint\",\"urlTemplate\":\"https:\/\/xn--schav-8ra.com\/?s={search_term_string}\"},\"query-input\":{\"@type\":\"PropertyValueSpecification\",\"valueRequired\":true,\"valueName\":\"search_term_string\"}}],\"inLanguage\":\"fr-FR\"},{\"@type\":\"Organization\",\"@id\":\"https:\/\/xn--schav-8ra.com\/#organization\",\"name\":\"SCHAV\u00c8\",\"url\":\"https:\/\/xn--schav-8ra.com\/\",\"logo\":{\"@type\":\"ImageObject\",\"inLanguage\":\"fr-FR\",\"@id\":\"https:\/\/xn--schav-8ra.com\/#\/schema\/logo\/image\/\",\"url\":\"https:\/\/xn--schav-8ra.com\/wp-content\/uploads\/2024\/01\/cropped-png_20230413_140706_0000.png\",\"contentUrl\":\"https:\/\/xn--schav-8ra.com\/wp-content\/uploads\/2024\/01\/cropped-png_20230413_140706_0000.png\",\"width\":4000,\"height\":4000,\"caption\":\"SCHAV\u00c8\"},\"image\":{\"@id\":\"https:\/\/xn--schav-8ra.com\/#\/schema\/logo\/image\/\"}}]}<\/script>\n<!-- \/ Yoast SEO plugin. -->","yoast_head_json":{"title":"Beurre de Karit\u00e9 150g - SCHAV\u00c8","description":"Le beurre de karit\u00e9 hydrate, prot\u00e8ge, apaise, r\u00e9pare et r\u00e9g\u00e9n\u00e8re la peau et les cheveux gr\u00e2ce \u00e0 sa richesse en vitamines et en acides gras essentiels.","robots":{"index":"index","follow":"follow","max-snippet":"max-snippet:-1","max-image-preview":"max-image-preview:large","max-video-preview":"max-video-preview:-1"},"canonical":"https:\/\/xn--schav-8ra.com\/index.php\/produit\/beurre-de-karite-150g\/","og_locale":"fr_FR","og_type":"article","og_title":"Beurre de Karit\u00e9 150g - SCHAV\u00c8","og_description":"Le beurre de karit\u00e9 hydrate, prot\u00e8ge, apaise, r\u00e9pare et r\u00e9g\u00e9n\u00e8re la peau et les cheveux gr\u00e2ce \u00e0 sa richesse en vitamines et en acides gras essentiels.","og_url":"https:\/\/xn--schav-8ra.com\/index.php\/produit\/beurre-de-karite-150g\/","og_site_name":"SCHAV\u00c8","article_modified_time":"2024-11-28T08:46:11+00:00","og_image":[{"width":1080,"height":1080,"url":"https:\/\/xn--schav-8ra.com\/wp-content\/uploads\/2024\/11\/3-1.png","type":"image\/png"}],"twitter_card":"summary_large_image","twitter_misc":{"Dur\u00e9e de lecture estim\u00e9e":"1 minute"},"schema":{"@context":"https:\/\/schema.org","@graph":[{"@type":"WebPage","@id":"https:\/\/xn--schav-8ra.com\/index.php\/produit\/beurre-de-karite-150g\/","url":"https:\/\/xn--schav-8ra.com\/index.php\/produit\/beurre-de-karite-150g\/","name":"Beurre de Karit\u00e9 150g - SCHAV\u00c8","isPartOf":{"@id":"https:\/\/xn--schav-8ra.com\/#website"},"primaryImageOfPage":{"@id":"https:\/\/xn--schav-8ra.com\/index.php\/produit\/beurre-de-karite-150g\/#primaryimage"},"image":{"@id":"https:\/\/xn--schav-8ra.com\/index.php\/produit\/beurre-de-karite-150g\/#primaryimage"},"thumbnailUrl":"https:\/\/xn--schav-8ra.com\/wp-content\/uploads\/2024\/11\/3-1.png","datePublished":"2024-11-26T10:48:44+00:00","dateModified":"2024-11-28T08:46:11+00:00","description":"Le beurre de karit\u00e9 hydrate, prot\u00e8ge, apaise, r\u00e9pare et r\u00e9g\u00e9n\u00e8re la peau et les cheveux gr\u00e2ce \u00e0 sa richesse en vitamines et en acides gras essentiels.","breadcrumb":{"@id":"https:\/\/xn--schav-8ra.com\/index.php\/produit\/beurre-de-karite-150g\/#breadcrumb"},"inLanguage":"fr-FR","potentialAction":[{"@type":"ReadAction","target":["https:\/\/xn--schav-8ra.com\/index.php\/produit\/beurre-de-karite-150g\/"]}]},{"@type":"ImageObject","inLanguage":"fr-FR","@id":"https:\/\/xn--schav-8ra.com\/index.php\/produit\/beurre-de-karite-150g\/#primaryimage","url":"https:\/\/xn--schav-8ra.com\/wp-content\/uploads\/2024\/11\/3-1.png","contentUrl":"https:\/\/xn--schav-8ra.com\/wp-content\/uploads\/2024\/11\/3-1.png","width":1080,"height":1080},{"@type":"BreadcrumbList","@id":"https:\/\/xn--schav-8ra.com\/index.php\/produit\/beurre-de-karite-150g\/#breadcrumb","itemListElement":[{"@type":"ListItem","position":1,"name":"Accueil","item":"https:\/\/xn--schav-8ra.com\/"},{"@type":"ListItem","position":2,"name":"Boutique","item":"https:\/\/xn--schav-8ra.com\/index.php\/boutique\/"},{"@type":"ListItem","position":3,"name":"Beurre de Karit\u00e9 150g"}]},{"@type":"WebSite","@id":"https:\/\/xn--schav-8ra.com\/#website","url":"https:\/\/xn--schav-8ra.com\/","name":"SCHAV\u00c8","description":"La Vall\u00e9e des Rois et des Reines","publisher":{"@id":"https:\/\/xn--schav-8ra.com\/#organization"},"potentialAction":[{"@type":"SearchAction","target":{"@type":"EntryPoint","urlTemplate":"https:\/\/xn--schav-8ra.com\/?s={search_term_string}"},"query-input":{"@type":"PropertyValueSpecification","valueRequired":true,"valueName":"search_term_string"}}],"inLanguage":"fr-FR"},{"@type":"Organization","@id":"https:\/\/xn--schav-8ra.com\/#organization","name":"SCHAV\u00c8","url":"https:\/\/xn--schav-8ra.com\/","logo":{"@type":"ImageObject","inLanguage":"fr-FR","@id":"https:\/\/xn--schav-8ra.com\/#\/schema\/logo\/image\/","url":"https:\/\/xn--schav-8ra.com\/wp-content\/uploads\/2024\/01\/cropped-png_20230413_140706_0000.png","contentUrl":"https:\/\/xn--schav-8ra.com\/wp-content\/uploads\/2024\/01\/cropped-png_20230413_140706_0000.png","width":4000,"height":4000,"caption":"SCHAV\u00c8"},"image":{"@id":"https:\/\/xn--schav-8ra.com\/#\/schema\/logo\/image\/"}}]}},"_links":{"self":[{"href":"https:\/\/xn--schav-8ra.com\/index.php\/wp-json\/wp\/v2\/product\/1781","targetHints":{"allow":["GET"]}}],"collection":[{"href":"https:\/\/xn--schav-8ra.com\/index.php\/wp-json\/wp\/v2\/product"}],"about":[{"href":"https:\/\/xn--schav-8ra.com\/index.php\/wp-json\/wp\/v2\/types\/product"}],"replies":[{"embeddable":true,"href":"https:\/\/xn--schav-8ra.com\/index.php\/wp-json\/wp\/v2\/comments?post=1781"}],"wp:featuredmedia":[{"embeddable":true,"href":"https:\/\/xn--schav-8ra.com\/index.php\/wp-json\/wp\/v2\/media\/1786"}],"wp:attachment":[{"href":"https:\/\/xn--schav-8ra.com\/index.php\/wp-json\/wp\/v2\/media?parent=1781"}],"wp:term":[{"taxonomy":"product_brand","embeddable":true,"href":"https:\/\/xn--schav-8ra.com\/index.php\/wp-json\/wp\/v2\/product_brand?post=1781"},{"taxonomy":"product_cat","embeddable":true,"href":"https:\/\/xn--schav-8ra.com\/index.php\/wp-json\/wp\/v2\/product_cat?post=1781"},{"taxonomy":"product_tag","embeddable":true,"href":"https:\/\/xn--schav-8ra.com\/index.php\/wp-json\/wp\/v2\/product_tag?post=1781"}],"curies":[{"name":"wp","href":"https:\/\/api.w.org\/{rel}","templated":true}]}}